{"id":2354,"date":"2025-12-28T12:12:10","date_gmt":"2025-12-28T11:12:10","guid":{"rendered":"https:\/\/queer.bet\/?page_id=2354"},"modified":"2025-12-31T10:24:39","modified_gmt":"2025-12-31T09:24:39","slug":"hinweise-und-nutzungsbedingungen","status":"publish","type":"page","link":"https:\/\/queer.bet\/?page_id=2354","title":{"rendered":"Hinweise und Nutzungsbedingungen"},"content":{"rendered":"\t\t<div data-elementor-type=\"wp-page\" data-elementor-id=\"2354\" class=\"elementor elementor-2354\">\n\t\t\t\t<div class=\"elementor-element elementor-element-d69dc2c e-flex e-con-boxed e-con e-parent\" data-id=\"d69dc2c\" data-element_type=\"container\" data-e-type=\"container\">\n\t\t\t\t\t<div class=\"e-con-inner\">\n\t\t\t\t<div class=\"elementor-element elementor-element-ff01acc elementor-widget elementor-widget-heading\" data-id=\"ff01acc\" data-element_type=\"widget\" data-e-type=\"widget\" data-widget_type=\"heading.default\">\n\t\t\t\t\t<h2 class=\"elementor-heading-title elementor-size-default\">Hinweise und Nutzungsbedingungen<\/h2>\t\t\t\t<\/div>\n\t\t\t\t\t<\/div>\n\t\t\t\t<\/div>\n\t\t<div class=\"elementor-element elementor-element-4ba2db6 e-flex e-con-boxed e-con e-parent\" data-id=\"4ba2db6\" data-element_type=\"container\" data-e-type=\"container\">\n\t\t\t\t\t<div class=\"e-con-inner\">\n\t\t<div class=\"elementor-element elementor-element-00c0afc e-con-full e-flex e-con e-child\" data-id=\"00c0afc\" data-element_type=\"container\" data-e-type=\"container\">\n\t\t\t\t<div class=\"elementor-element elementor-element-ccce444 elementor-widget__width-initial elementor-widget elementor-widget-image\" data-id=\"ccce444\" data-element_type=\"widget\" data-e-type=\"widget\" data-widget_type=\"image.default\">\n\t\t\t\t\t\t\t\t\t\t\t\t\t\t\t<img fetchpriority=\"high\" decoding=\"async\" width=\"250\" height=\"250\" src=\"https:\/\/queer.bet\/wp-content\/uploads\/2025\/12\/HERO-2.png\" class=\"attachment-medium size-medium wp-image-2355\" alt=\"\" srcset=\"https:\/\/queer.bet\/wp-content\/uploads\/2025\/12\/HERO-2.png 250w, https:\/\/queer.bet\/wp-content\/uploads\/2025\/12\/HERO-2-150x150.png 150w, https:\/\/queer.bet\/wp-content\/uploads\/2025\/12\/HERO-2-80x80.png 80w\" sizes=\"(max-width: 250px) 100vw, 250px\" \/>\t\t\t\t\t\t\t\t\t\t\t\t\t\t\t<\/div>\n\t\t\t\t<\/div>\n\t\t<div class=\"elementor-element elementor-element-fca1866 e-con-full e-flex e-con e-child\" data-id=\"fca1866\" data-element_type=\"container\" data-e-type=\"container\">\n\t\t<div class=\"elementor-element elementor-element-b84d7a9 e-con-full e-flex e-con e-child\" data-id=\"b84d7a9\" data-element_type=\"container\" data-e-type=\"container\">\n\t\t\t\t<div class=\"elementor-element elementor-element-46c1cc7 elementor-widget elementor-widget-heading\" data-id=\"46c1cc7\" data-element_type=\"widget\" data-e-type=\"widget\" data-widget_type=\"heading.default\">\n\t\t\t\t\t<h2 class=\"elementor-heading-title elementor-size-default\">Allgemein<\/h2>\t\t\t\t<\/div>\n\t\t\t\t<div class=\"elementor-element elementor-element-7696d4e elementor-widget elementor-widget-spacer\" data-id=\"7696d4e\" data-element_type=\"widget\" data-e-type=\"widget\" data-widget_type=\"spacer.default\">\n\t\t\t\t\t\t\t<div class=\"elementor-spacer\">\n\t\t\t<div class=\"elementor-spacer-inner\"><\/div>\n\t\t<\/div>\n\t\t\t\t\t\t<\/div>\n\t\t\t\t<\/div>\n\t\t\t\t<div class=\"elementor-element elementor-element-d17a6a4 elementor-alert-danger elementor-widget elementor-widget-alert\" data-id=\"d17a6a4\" data-element_type=\"widget\" data-e-type=\"widget\" data-widget_type=\"alert.default\">\n\t\t\t\t\t\t\t<div class=\"elementor-alert\" role=\"alert\">\n\n\t\t\t\t\t\t<span class=\"elementor-alert-title\">Hinweis<\/span>\n\t\t\t\n\t\t\t\t\t\t<span class=\"elementor-alert-description\">Wir machen keine Werbung f\u00fcr Party oder Eevnts , die gegen das deutsche Recht oder Jugendschutzgesetz versto\u00dfen.Auch f\u00fcr Event's und Party's nicht , die zum gewollten  ungesch\u00fctzen Sex aufrufen oder praktizieren wollen (zb. Bareback \/POZZING).Ausgenommen sind Gay Saunen , sofern sie nicht mit  ungesch\u00fctzen Sex werben oder praktizieren wollen.<\/span>\n\t\t\t\n\t\t\t\n\t\t<\/div>\n\t\t\t\t\t\t<\/div>\n\t\t<div class=\"elementor-element elementor-element-7af1f5b e-con-full e-flex e-con e-child\" data-id=\"7af1f5b\" data-element_type=\"container\" data-e-type=\"container\">\n\t\t\t\t<div class=\"elementor-element elementor-element-43de14e elementor-widget elementor-widget-text-editor\" data-id=\"43de14e\" data-element_type=\"widget\" data-e-type=\"widget\" data-widget_type=\"text-editor.default\">\n\t\t\t\t\t\t\t\t\t<p style=\"text-align: center;\"><span style=\"color: #ffffff;\">Dies ist ein privates Projekt , wir verfolgen keine Kommerziellen Ziele .Unsere Angebote \/ Service&#8217;s (Werbung etc. ) sind kostenlos und bleiben kostenlos , das ist unser Beitrag f\u00fcr die Queere Community.<\/span><\/p><p style=\"text-align: center;\"><span style=\"color: #ffffff;\">Das gilt f\u00fcr diese Homepage (Queer.bet) sowie unseren offiziellen Instagram Account @queer.bet<\/span><\/p><p style=\"text-align: center;\"><span style=\"color: #ffffff;\">Sollen wir keine Werbung mehr f\u00fcr sie machen , k\u00f6nnen Sie das jederzeit widerrufen.Bitte schicken Sie eine E-Mail an: queer@queer.bet mit dem Betreff: &#8222;WIDERUF&#8220; und wir machen keine Werbung mehr f\u00fcr Sie.Wir entfernen soweit m\u00f6glich alle Banner und Logos zeitnah.<\/span><\/p>\t\t\t\t\t\t\t\t<\/div>\n\t\t\t\t<div class=\"elementor-element elementor-element-654919e elementor-alert-success elementor-widget elementor-widget-alert\" data-id=\"654919e\" data-element_type=\"widget\" data-e-type=\"widget\" data-widget_type=\"alert.default\">\n\t\t\t\t\t\t\t<div class=\"elementor-alert\" role=\"alert\">\n\n\t\t\t\t\t\t<span class=\"elementor-alert-title\">Hinweis<\/span>\n\t\t\t\n\t\t\t\t\t\t<span class=\"elementor-alert-description\">Wir w\u00fcrden uns dar\u00fcber freuen , wenn Sie Soziale Queere Projekte unterst\u00fctzen w\u00fcrden! &lt;3 Danke daf\u00fcr! <a href=\"https:\/\/queer.bet\/?page_id=2362\">[Zur Liste Queerer Projekte]<\/a><\/span>\n\t\t\t\n\t\t\t\t\t\t<button type=\"button\" class=\"elementor-alert-dismiss\" aria-label=\"Hinweis ausblenden.\">\n\t\t\t\t\t\t\t\t\t<span aria-hidden=\"true\">&times;<\/span>\n\t\t\t\t\t\t\t<\/button>\n\t\t\t\n\t\t<\/div>\n\t\t\t\t\t\t<\/div>\n\t\t\t\t<div class=\"elementor-element elementor-element-c657bb8 elementor-widget elementor-widget-spacer\" data-id=\"c657bb8\" data-element_type=\"widget\" data-e-type=\"widget\" data-widget_type=\"spacer.default\">\n\t\t\t\t\t\t\t<div class=\"elementor-spacer\">\n\t\t\t<div class=\"elementor-spacer-inner\"><\/div>\n\t\t<\/div>\n\t\t\t\t\t\t<\/div>\n\t\t\t\t<div class=\"elementor-element elementor-element-dc6cfec elementor-widget elementor-widget-heading\" data-id=\"dc6cfec\" data-element_type=\"widget\" data-e-type=\"widget\" data-widget_type=\"heading.default\">\n\t\t\t\t\t<h2 class=\"elementor-heading-title elementor-size-default\">Logo's<\/h2>\t\t\t\t<\/div>\n\t\t\t\t<div class=\"elementor-element elementor-element-f6c0d91 elementor-widget elementor-widget-spacer\" data-id=\"f6c0d91\" data-element_type=\"widget\" data-e-type=\"widget\" data-widget_type=\"spacer.default\">\n\t\t\t\t\t\t\t<div class=\"elementor-spacer\">\n\t\t\t<div class=\"elementor-spacer-inner\"><\/div>\n\t\t<\/div>\n\t\t\t\t\t\t<\/div>\n\t\t\t\t<\/div>\n\t\t\t\t<div class=\"elementor-element elementor-element-9212e81 elementor-widget elementor-widget-text-editor\" data-id=\"9212e81\" data-element_type=\"widget\" data-e-type=\"widget\" data-widget_type=\"text-editor.default\">\n\t\t\t\t\t\t\t\t\t<p style=\"text-align: center;\"><span style=\"color: #ffffff;\">Wir benutzen nur fremde Logo&#8217;s auf ausdr\u00fcckliche Genehmigung des Logo Inhabers.\u00a0<\/span><\/p><p style=\"text-align: center;\"><span style=\"color: #ffffff;\">Wir machen unsere Grafiken selber und sind deswegen auf Ihr Logo angewiesen, andernfalls gestalten wir unsere Grafiken neutral.Wenn Sie uns gestatten, ihr Logo zu benutzen ,profitieren Sie zus\u00e4tzlich , jedoch entscheiden Sie selber , ob wir Ihr Logo bei Party \/ Events Werbung bei Instagram verwenden d\u00fcrfen.Sie haben jederzeit die M\u00f6glichkeit zu widerrufen.<\/span><\/p><p style=\"text-align: center;\"><span style=\"color: #ffffff;\">Schicken Sie Ihr Logo an\u00a0 queer@queer.bet uns schreiben sie kurz , das Sie Ihre Erlaubniss erteilen , das Logo f\u00fcr Ihre Werbezwecke auf unser Homepage sowie bei Instagram benutzen d\u00fcrfen.Sie k\u00f6nnen dies jederzeit widerrufen.<\/span><\/p>\t\t\t\t\t\t\t\t<\/div>\n\t\t\t\t<\/div>\n\t\t\t\t\t<\/div>\n\t\t\t\t<\/div>\n\t\t<div class=\"elementor-element elementor-element-11bd2f2 e-flex e-con-boxed e-con e-parent\" data-id=\"11bd2f2\" data-element_type=\"container\" data-e-type=\"container\">\n\t\t\t\t\t<div class=\"e-con-inner\">\n\t\t<div class=\"elementor-element elementor-element-2d92e04 e-con-full e-flex e-con e-child\" data-id=\"2d92e04\" data-element_type=\"container\" data-e-type=\"container\">\n\t\t\t\t<div class=\"elementor-element elementor-element-364721e elementor-widget elementor-widget-image\" data-id=\"364721e\" data-element_type=\"widget\" data-e-type=\"widget\" data-widget_type=\"image.default\">\n\t\t\t\t\t\t\t\t\t\t\t\t\t\t\t<img decoding=\"async\" width=\"409\" height=\"409\" src=\"https:\/\/queer.bet\/wp-content\/uploads\/2025\/12\/pgoerny_ai_cropped_circle_image.png\" class=\"attachment-large size-large wp-image-1625\" alt=\"\" srcset=\"https:\/\/queer.bet\/wp-content\/uploads\/2025\/12\/pgoerny_ai_cropped_circle_image.png 409w, https:\/\/queer.bet\/wp-content\/uploads\/2025\/12\/pgoerny_ai_cropped_circle_image-300x300.png 300w, https:\/\/queer.bet\/wp-content\/uploads\/2025\/12\/pgoerny_ai_cropped_circle_image-150x150.png 150w, https:\/\/queer.bet\/wp-content\/uploads\/2025\/12\/pgoerny_ai_cropped_circle_image-80x80.png 80w, https:\/\/queer.bet\/wp-content\/uploads\/2025\/12\/pgoerny_ai_cropped_circle_image-360x360.png 360w, https:\/\/queer.bet\/wp-content\/uploads\/2025\/12\/pgoerny_ai_cropped_circle_image-373x373.png 373w, https:\/\/queer.bet\/wp-content\/uploads\/2025\/12\/pgoerny_ai_cropped_circle_image-365x365.png 365w\" sizes=\"(max-width: 409px) 100vw, 409px\" \/>\t\t\t\t\t\t\t\t\t\t\t\t\t\t\t<\/div>\n\t\t\t\t<\/div>\n\t\t<div class=\"elementor-element elementor-element-343ba6f e-con-full e-flex e-con e-child\" data-id=\"343ba6f\" data-element_type=\"container\" data-e-type=\"container\">\n\t\t\t\t<div class=\"elementor-element elementor-element-37c506a elementor-widget elementor-widget-spacer\" data-id=\"37c506a\" data-element_type=\"widget\" data-e-type=\"widget\" data-widget_type=\"spacer.default\">\n\t\t\t\t\t\t\t<div class=\"elementor-spacer\">\n\t\t\t<div class=\"elementor-spacer-inner\"><\/div>\n\t\t<\/div>\n\t\t\t\t\t\t<\/div>\n\t\t<div class=\"elementor-element elementor-element-78cdeca e-con-full e-flex e-con e-child\" data-id=\"78cdeca\" data-element_type=\"container\" data-e-type=\"container\">\n\t\t\t\t<div class=\"elementor-element elementor-element-6d0ec26 elementor-widget elementor-widget-heading\" data-id=\"6d0ec26\" data-element_type=\"widget\" data-e-type=\"widget\" data-widget_type=\"heading.default\">\n\t\t\t\t\t<h2 class=\"elementor-heading-title elementor-size-default\">Noch Fragen?<\/h2>\t\t\t\t<\/div>\n\t\t\t\t<\/div>\n\t\t<div class=\"elementor-element elementor-element-c9ef72c e-con-full e-flex e-con e-child\" data-id=\"c9ef72c\" data-element_type=\"container\" data-e-type=\"container\">\n\t\t\t\t<div class=\"elementor-element elementor-element-61db4eb elementor-widget elementor-widget-text-editor\" data-id=\"61db4eb\" data-element_type=\"widget\" data-e-type=\"widget\" data-widget_type=\"text-editor.default\">\n\t\t\t\t\t\t\t\t\t<p style=\"text-align: center;\"><span style=\"color: #ffffff;\">F\u00fchlen Sie sich eingeladen bei unklarheiten oder Fragen mich zu kontaktieren.<\/span><\/p><p style=\"text-align: center;\"><span style=\"color: #ffffff;\">Beachten Sie bitte , das eine Antwort unter Umst\u00e4nden dauern kann , ich bitte um Verst\u00e4ndniss.<\/span><\/p><p style=\"text-align: center;\"><span style=\"color: #ffffff;\">Sie haben die M\u00f6glichkeit mein<\/span><a href=\"https:\/\/queer.bet\/?page_id=1792\"> &lt;Kontaktformular&gt;<\/a> <span style=\"color: #ffffff;\">zu<\/span> <span style=\"color: #ffffff;\">benutzen oder die Psotanschrift finden Sie unter<\/span> &lt;<a href=\"https:\/\/queer.bet\/?page_id=1563\">Impressum&gt;<\/a>.<\/p><p style=\"text-align: center;\"><span style=\"color: #ffffff;\">Oder besuchen Sie meine Private Homepage unter<\/span>: <a href=\"https:\/\/me.goerny.dev\" target=\"_blank\" rel=\"noopener\">https:\/\/me.goerny.dev<\/a> .<\/p><p style=\"text-align: center;\"><span style=\"color: #ffffff;\">Ihr Philipp G\u00f6rny (Queer.bet) <span style=\"color: #ff0000;\">\u2665<\/span><\/span><\/p>\t\t\t\t\t\t\t\t<\/div>\n\t\t\t\t<div class=\"elementor-element elementor-element-4343626 elementor-shape-rounded elementor-grid-0 e-grid-align-center elementor-widget elementor-widget-social-icons\" data-id=\"4343626\" data-element_type=\"widget\" data-e-type=\"widget\" data-widget_type=\"social-icons.default\">\n\t\t\t\t\t\t\t<div class=\"elementor-social-icons-wrapper elementor-grid\">\n\t\t\t\t\t\t\t<span class=\"elementor-grid-item\">\n\t\t\t\t\t<a class=\"elementor-icon elementor-social-icon elementor-social-icon-envelope elementor-repeater-item-2de8477\" href=\"mailto:queer@queer.bet\" target=\"_blank\">\n\t\t\t\t\t\t<span class=\"elementor-screen-only\">Envelope<\/span>\n\t\t\t\t\t\t<svg aria-hidden=\"true\" class=\"e-font-icon-svg e-fas-envelope\" viewBox=\"0 0 512 512\" xmlns=\"http:\/\/www.w3.org\/2000\/svg\"><path d=\"M502.3 190.8c3.9-3.1 9.7-.2 9.7 4.7V400c0 26.5-21.5 48-48 48H48c-26.5 0-48-21.5-48-48V195.6c0-5 5.7-7.8 9.7-4.7 22.4 17.4 52.1 39.5 154.1 113.6 21.1 15.4 56.7 47.8 92.2 47.6 35.7.3 72-32.8 92.3-47.6 102-74.1 131.6-96.3 154-113.7zM256 320c23.2.4 56.6-29.2 73.4-41.4 132.7-96.3 142.8-104.7 173.4-128.7 5.8-4.5 9.2-11.5 9.2-18.9v-19c0-26.5-21.5-48-48-48H48C21.5 64 0 85.5 0 112v19c0 7.4 3.4 14.3 9.2 18.9 30.6 23.9 40.7 32.4 173.4 128.7 16.8 12.2 50.2 41.8 73.4 41.4z\"><\/path><\/svg>\t\t\t\t\t<\/a>\n\t\t\t\t<\/span>\n\t\t\t\t\t<\/div>\n\t\t\t\t\t\t<\/div>\n\t\t\t\t<\/div>\n\t\t\t\t<div class=\"elementor-element elementor-element-58bcd0c elementor-widget elementor-widget-spacer\" data-id=\"58bcd0c\" data-element_type=\"widget\" data-e-type=\"widget\" data-widget_type=\"spacer.default\">\n\t\t\t\t\t\t\t<div class=\"elementor-spacer\">\n\t\t\t<div class=\"elementor-spacer-inner\"><\/div>\n\t\t<\/div>\n\t\t\t\t\t\t<\/div>\n\t\t\t\t<\/div>\n\t\t\t\t\t<\/div>\n\t\t\t\t<\/div>\n\t\t\t\t<\/div>\n\t\t","protected":false},"excerpt":{"rendered":"<p class=\"tx-excerpt\">Hinweise und Nutzungsbedingungen Allgemein Hinweis Wir machen keine Werbung f\u00fcr Party oder Eevnts , die gegen das deutsche Recht oder Jugendschutzgesetz versto\u00dfen.Auch f\u00fcr Event&#8217;s und Party&#8217;s nicht , die zum gewollten ungesch\u00fctzen Sex aufrufen oder...<\/p>","protected":false},"author":1,"featured_media":0,"parent":0,"menu_order":0,"comment_status":"closed","ping_status":"closed","template":"","meta":{"footnotes":""},"class_list":["post-2354","page","type-page","status-publish","hentry"],"_links":{"self":[{"href":"https:\/\/queer.bet\/index.php?rest_route=\/wp\/v2\/pages\/2354","targetHints":{"allow":["GET"]}}],"collection":[{"href":"https:\/\/queer.bet\/index.php?rest_route=\/wp\/v2\/pages"}],"about":[{"href":"https:\/\/queer.bet\/index.php?rest_route=\/wp\/v2\/types\/page"}],"author":[{"embeddable":true,"href":"https:\/\/queer.bet\/index.php?rest_route=\/wp\/v2\/users\/1"}],"replies":[{"embeddable":true,"href":"https:\/\/queer.bet\/index.php?rest_route=%2Fwp%2Fv2%2Fcomments&post=2354"}],"version-history":[{"count":0,"href":"https:\/\/queer.bet\/index.php?rest_route=\/wp\/v2\/pages\/2354\/revisions"}],"wp:attachment":[{"href":"https:\/\/queer.bet\/index.php?rest_route=%2Fwp%2Fv2%2Fmedia&parent=2354"}],"curies":[{"name":"wp","href":"https:\/\/api.w.org\/{rel}","templated":true}]}}